(k) = -3*k + 3. Let d(b) = -j(b) - m(b). Let l = 25 - 18. Let y be d(l). What is the highest common factor of 99 and y?
11
Let w(c) = -c**3 - c**2 + 8*c + 2. Let p be w(-4). Calculate the highest common factor of 27 and p.
9
Let d(l) = 6*l**2 - l - 1. Let n(m) = -m**2. Let y(o) = 3*d(o) + 15*n(o). Let g be y(5). Calculate the greatest common divisor of g and 38.
19
Suppose -4*z = -5*q - 2*z + 100, 0 = -4*q + 4*z + 92. Calculate the highest common factor of 45 and q.
9
Let g = -121 + 126. What is the greatest common factor of g and 15?
5
Let p = 57 + -47. Calculate the highest common factor of p and 80.
10
Let r = 19 + -15. Let c = 124 + -88. Calculate the greatest common divisor of c and r.
4
Let m be (-2 + (4 - 1))/1. Let n be (m/2)/(8/80). What is the highest common factor of n and 25?
5
Let u be (2/(-6))/((-1)/60). Let d(g) = -4*g**2 + 0*g**2 + 5*g**2 + g - 1. Let w be d(2). Calculate the highest common factor of w and u.
5
Let a = -25 + 38. Calculate the greatest common factor of 13 and a.
13
Let g = -20 - -50. Let s be 10/(-3)*96/(-20). Let t = -10 + s. Calculate the highest common divisor of t and g.
6
Let u(c) = c**2 + c + 2. Let x be u(3). Calculate the greatest common divisor of x and 98.
14
Suppose 5*v - 3*o = 39, -5*o = -2*v + 2 + 25. Let h be v + (-1 - -7) + -3. What is the highest common factor of h and 27?
9
Let g be ((-12)/(-15))/((-1)/5). Let k be (-1)/2*g + 2. Suppose -4*b + 10 = 2*x, k*b - 2*x - 35 + 13 = 0. Calculate the highest common divisor of b and 28.
4
Suppose -m - 1 + 2 = 0. Let f be 54/m - (-4 - -4). What is the greatest common factor of f and 6?
6
Let w = 16 + -11. Let p be 1/w + 9/5. Let i be (-68)/(-5) - 8/(-20). Calculate the greatest common divisor of i and p.
2
Let i = 8 + -2. Let n be (-1 - -1)/((-8)/4). Suppose n = -4*o + 3*o + 3. What is the greatest common factor of i and o?
3
Suppose 0 = -4*c + m + 929, -3*m + 236 = c - 4*m. Let s(t) = t**2 - 4*t + 9. Let h be s(6). What is the highest common factor of h and c?
21
Suppose 0 = 3*i + 12, -5*i + 9*i + 24 = 2*b. What is the highest common divisor of 4 and b?
4
Suppose 1 = 5*d - 14. Suppose -3 - 9 = -d*g. Suppose -s = -12 + g. What is the greatest common divisor of 8 and s?
8
Suppose -4*o + 4 = -0*j - j, 0 = 3*j + 4*o + 12. Let h be ((-8)/(-1))/((-4)/10). Let r = j - h. Calculate the highest common factor of 40 and r.
8
Let q(l) = -6*l + 0 + 9 - 2*l. Let m(a) = a**2 + 20*a + 12. Let i be m(-19). Let g be q(i). What is the highest common divisor of g and 26?
13
Let y be 2 - 2 - 2 - -32. What is the highest common factor of y and 20?
10
Suppose 0 = h - a - 3, 3*a = -h - h - 4. Suppose u + 5*n = -12, -5*u - 2*n + 10 = h. Calculate the greatest common factor of u and 3.
3
Let h be (2/(-3))/(0 - 10/15). Calculate the highest common divisor of 17 and h.
1
Let r = -6 - -19. Let s = r - 3. Calculate the greatest common factor of 5 and s.
5
Let o be (2/4)/((-2)/(-52)). Let d be -4*12/(-16) - -15. Let g be ((-26)/(-4))/(1/d). Calculate the highest common factor of o and g.
13
Suppose 7 = -5*c - 3. Let y be (-1)/((-4)/c - 1). Let p be ((-4)/6)/y*9. Calculate the highest common factor of 66 and p.
6
Suppose -4 = -5*t - 19. Let j(c) be the first derivative of c**3/3 + c**2/2 - 2*c + 1. Let l be j(t). Calculate the greatest common factor of 28 and l.
4
Let b = -243 + 244. Suppose 0 = 6*d - 2*d - 32. What is the highest common divisor of b and d?
1
Suppose o = 3*o, -j - o + 126 = 0. Let u(q) = 2*q**2 + 3*q - 21. Let y be u(-5). Calculate the greatest common divisor of y and j.
14
Let j = 245 + -146. Suppose 0 = -4*d + 2*g + 426, j = d - 0*d - 3*g. What is the highest common divisor of d and 12?
12
Suppose i + 3*i + 40 = 0. Let w be ((-16)/i)/(2/15). Calculate the greatest common divisor of w and 12.
12
Suppose 3*c + 19 = v, -5*c = 4 - 14. Suppose -4*b = 20, 3*z + b - 2*b = 155. Calculate the greatest common divisor of z and v.
25
Let b(i) = -15*i - 1. Let o be b(-3). Calculate the greatest common divisor of 110 and o.
22
Let t = 70 + -30. Let i = -12 - -28. What is the greatest common divisor of i and t?
8
Let z be (-1)/(-3) + 2012/12. Calculate the greatest common divisor of z and 21.
21
Let l = 2 - -17. Let n = -2 - -7. Let p = l - n. Calculate the highest common factor of 7 and p.
7
Let l(k) be the second derivative of k**4/12 - 7*k**3/6 - 4*k**2 - 8*k. Let m be l(9). Calculate the greatest common factor of 80 and m.
10
Suppose 80 = 5*s - 0*s. Suppose -3*z + 8*z = 640. What is the greatest common divisor of s and z?
16
Let d = 11 - 8. What is the greatest common factor of d and 2?
1
Suppose -5*z + 9*z - 396 = 0. What is the greatest common factor of 11 and z?
11
Let z(x) = x**3 + 13*x**2 - x + 3. Let q be z(-13). What is the highest common factor of q and 56?
8
Let b(s) = s**3 - 8*s**2 + 10*s - 6. Let k be b(7). Suppose -k = -4*v - v. Calculate the highest common factor of v and 3.
3
Let g = 30 - 20. Let n(o) = 29*o**2 - 2*o - 4. Let a be n(3). Suppose a = 5*z - 149. Calculate the highest common factor of z and g.
10
Let o be 4 + -3 + 1*2. Suppose o*v = -2*v. Suppose v = 2*a - a - 15. Calculate the greatest common factor of 45 and a.
15
Let t = 30 + 8. Let l be t/(6/9*3). Calculate the highest common divisor of 19 and l.
19
Let p = -316 - -324. Suppose 0 = -2*d - 2 - 2, 3*d = 3*c - 87. Let g = c - 11. Calculate the greatest common divisor of p and g.
8
Let g = -16 + -16. Let b be g/14 - 2/(-7). Let r be 1*(3 - (b + 3)). What is the greatest common divisor of 14 and r?
2
Let c = -82 + 172. What is the highest common factor of 225 and c?
45
Let y = 28 - 12. Let w = -37 - -53. What is the highest common divisor of y and w?
16
Suppose -5*s + 0*p = 4*p - 228, 5*p = -2*s + 98. Suppose 6 = 4*n - 6*n. Let r be (-8)/(-3 - (2 + n)). Calculate the highest common factor of r and s.
4
Let r(c) = -2*c + 1. Let n be r(-2). Suppose -2*v - 93 = -3*v. Let a be v/9 + (-2)/6. Calculate the greatest common factor of n and a.
5
Let b(h) = -h - 5. Let k be b(-7). Suppose -3*t + 385 = k*t. What is the highest common factor of t and 11?
11
Let u = 2 - -2. Let l(p) = 2*p - 5. Let i be l(u). Let d be (36/(-10))/(i/(-10)). Calculate the greatest common factor of 48 and d.
12
Let p(g) = 4*g**2 + 3*g - 6. Let l be p(-4). Calculate the greatest common factor of 69 and l.
23
Suppose -l = l + 18. Let p be l/(-6)*(-40)/(-4). Calculate the greatest common factor of 15 and p.
15
Suppose -4*l - 3*q = 66, 0*l + 2*l = q - 28. Let f = 23 + l. Calculate the highest common divisor of f and 2.
2
Let a = 22 - 14. Let i = -6 + 4. Let h be i/(-6) + 5/3. Calculate the highest common factor of h and a.
2
Let k(g) = -g**3 + 7*g**2 + 11*g - 12. Let z be k(8). Let s = z - 4. Let h(l) = -18*l - 2. Let j be h(-5). Calculate the greatest common factor of s and j.
8
Let w be 1 + 1/(4/8). Calculate the greatest common factor of w and 30.
3
Suppose -10*b + 256 = -494. What is the highest common divisor of 45 and b?
15
Suppose -z + 3 + 4 = 0. Suppose 2*c + q = 4 - 0, 4*c + q - 10 = 0. Suppose 5*t + 89 = 3*i, 4*i + 2*t = 113 - c. Calculate the greatest common factor of z and i.
7
Let f = 8 + -4. Suppose -5*a - f*j = -511, 2*a - 6*a + 4*j + 380 = 0. What is the greatest common factor of 11 and a?
11
Let p(o) = o**2 - 6*o. Let l be p(12). Calculate the greatest common factor of l and 18.
18
Let q(i) = -i**2 + 23*i - 36. Let d be q(17). What is the highest common factor of 99 and d?
33
Suppose 2*u - 155 = -2*d - 25, 2*d - 3*u - 105 = 0. Calculate the greatest common divisor of 12 and d.
12
Let k be ((-27)/15)/((-6)/20). Suppose 0 = k*a - a - 500. What is the highest common divisor of 25 and a?
25
Suppose -5*q + 38 = -7. Let v(h) = 3*h + 3. Let y be v(-2). Let s = y - -12. Calculate the highest common factor of q and s.
9
Let l be (6/(-5))/(2/(-10)). Suppose 3*y + 27 = j + l*y, 73 = 4*j + 5*y. Calculate the greatest common divisor of 48 and j.
12
Let l be 6*1*14/21. Let k be 10 + l*2/(-4). Let o = 10 - k. Calculate the highest common factor of o and 2.
2
Let d = -7 + 106. What is the greatest common factor of 9 and d?
9
Let i be 852/5 - (-2)/(-5). Let p = 220 - 186. Calculate the greatest common factor of p and i.
34
Let q = -10 + 6. Let z be q/(-6) + 322/21. Let o be (-2)/1*4*-2. Calculate the highest common factor of z and o.
1